{"id":210,"date":"2014-06-28T15:52:25","date_gmt":"2014-06-28T12:52:25","guid":{"rendered":"https:\/\/www.kieliluotsi.fi\/lokikirja\/?page_id=210"},"modified":"2018-05-19T20:59:11","modified_gmt":"2018-05-19T17:59:11","slug":"tilaa-kieliluotsin-lokikirja-sahkopostiisi","status":"publish","type":"page","link":"https:\/\/www.kieliluotsi.fi\/lokikirja\/tilaa-kieliluotsin-lokikirja-sahkopostiisi\/","title":{"rendered":"Tilaa Kieliluotsin lokikirja s\u00e4hk\u00f6postiisi"},"content":{"rendered":"<p class=\"isompi_vali_ennen_tekstikappaletta\">Kerro meille s\u00e4hk\u00f6postiosoitteesi alla olevalla lomakkeella, niin saat tiedon uusista Kieliluotsin lokikirjoituksista suoraan s\u00e4hk\u00f6postiisi.<\/p>\n<p>Emme luovuta s\u00e4hk\u00f6postiosoitettasi muille. Tutustu tarkemmin <a href=\"https:\/\/www.kieliluotsi.fi\/tietosuojaseloste\" target=\"_blank\" rel=\"noopener\">tietosuojaselosteeseemme<\/a>.<\/p>\n<form method=\"post\" action=\"https:\/\/www.kieliluotsi.fi\/lokikirja\/tilaa-kieliluotsin-lokikirja-sahkopostiisi\/\"><input type=\"hidden\" name=\"ip\" value=\"216.73.216.68\" \/><span style=\"display:none !important\"><label for=\"name\">Leave Blank:<\/label><input type=\"text\" id=\"name\" name=\"name\" \/><label for=\"uri\">Do Not Change:<\/label><input type=\"text\" id=\"uri\" name=\"uri\" value=\"http:\/\/\" \/><\/span><p><label for=\"s2email\">S\u00e4hk\u00f6postiosoitteesi:<\/label><br \/><input type=\"text\" name=\"email\" id=\"s2email\" value=\"S\u00e4hk\u00f6postiosoite...\" size=\"20\" onfocus=\"if (this.value == 'S\u00e4hk\u00f6postiosoite...') {this.value = '';}\" onblur=\"if (this.value == '') {this.value = 'S\u00e4hk\u00f6postiosoite...';}\" \/><\/p><p><input type=\"submit\" name=\"subscribe\" value=\"Tilaa\" \/>&nbsp;<input type=\"submit\" name=\"unsubscribe\" value=\"Peru tilaus\" \/><\/p><\/form>\r\n\n<p>&nbsp;<\/p>\n","protected":false},"excerpt":{"rendered":"<p>Kerro meille s\u00e4hk\u00f6postiosoitteesi alla olevalla lomakkeella, niin saat tiedon uusista Kieliluotsin lokikirjoituksista suoraan s\u00e4hk\u00f6postiisi. Emme luovuta s\u00e4hk\u00f6postiosoitettasi muille. Tutustu tarkemmin tietosuojaselosteeseemme. &nbsp;<\/p>\n","protected":false},"author":3,"featured_media":0,"parent":0,"menu_order":0,"comment_status":"closed","ping_status":"closed","template":"","meta":[],"yoast_head":"<!-- This site is optimized with the Yoast SEO plugin v20.13 - https:\/\/yoast.com\/wordpress\/plugins\/seo\/ -->\n<title>Tilaa Kieliluotsin lokikirja s\u00e4hk\u00f6postiisi \u2013 Kieliluotsin lokikirja<\/title>\n<meta name=\"description\" content=\"Kerro meille s\u00e4hk\u00f6postiosoitteesi alla olevalla lomakkeella, niin saat tiedon uusista Kieliluotsin lokikirjoituksista suoraan s\u00e4hk\u00f6postiisi.\" \/>\n<meta name=\"robots\" content=\"index, follow, max-snippet:-1, max-image-preview:large, max-video-preview:-1\" \/>\n<link rel=\"canonical\" href=\"https:\/\/www.kieliluotsi.fi\/lokikirja\/tilaa-kieliluotsin-lokikirja-sahkopostiisi\/\" \/>\n<meta property=\"og:locale\" content=\"fi_FI\" \/>\n<meta property=\"og:type\" content=\"article\" \/>\n<meta property=\"og:title\" content=\"Tilaa Kieliluotsin lokikirja s\u00e4hk\u00f6postiisi \u2013 Kieliluotsin lokikirja\" \/>\n<meta property=\"og:description\" content=\"Kerro meille s\u00e4hk\u00f6postiosoitteesi alla olevalla lomakkeella, niin saat tiedon uusista Kieliluotsin lokikirjoituksista suoraan s\u00e4hk\u00f6postiisi.\" \/>\n<meta property=\"og:url\" content=\"https:\/\/www.kieliluotsi.fi\/lokikirja\/tilaa-kieliluotsin-lokikirja-sahkopostiisi\/\" \/>\n<meta property=\"og:site_name\" content=\"Kieliluotsin lokikirja\" \/>\n<meta property=\"article:modified_time\" content=\"2018-05-19T17:59:11+00:00\" \/>\n<script type=\"application\/ld+json\" class=\"yoast-schema-graph\">{\"@context\":\"https:\/\/schema.org\",\"@graph\":[{\"@type\":\"WebPage\",\"@id\":\"https:\/\/www.kieliluotsi.fi\/lokikirja\/tilaa-kieliluotsin-lokikirja-sahkopostiisi\/\",\"url\":\"https:\/\/www.kieliluotsi.fi\/lokikirja\/tilaa-kieliluotsin-lokikirja-sahkopostiisi\/\",\"name\":\"Tilaa Kieliluotsin lokikirja s\u00e4hk\u00f6postiisi \u2013 Kieliluotsin lokikirja\",\"isPartOf\":{\"@id\":\"https:\/\/www.kieliluotsi.fi\/lokikirja\/#website\"},\"datePublished\":\"2014-06-28T12:52:25+00:00\",\"dateModified\":\"2018-05-19T17:59:11+00:00\",\"description\":\"Kerro meille s\u00e4hk\u00f6postiosoitteesi alla olevalla lomakkeella, niin saat tiedon uusista Kieliluotsin lokikirjoituksista suoraan s\u00e4hk\u00f6postiisi.\",\"breadcrumb\":{\"@id\":\"https:\/\/www.kieliluotsi.fi\/lokikirja\/tilaa-kieliluotsin-lokikirja-sahkopostiisi\/#breadcrumb\"},\"inLanguage\":\"fi\",\"potentialAction\":[{\"@type\":\"ReadAction\",\"target\":[\"https:\/\/www.kieliluotsi.fi\/lokikirja\/tilaa-kieliluotsin-lokikirja-sahkopostiisi\/\"]}]},{\"@type\":\"BreadcrumbList\",\"@id\":\"https:\/\/www.kieliluotsi.fi\/lokikirja\/tilaa-kieliluotsin-lokikirja-sahkopostiisi\/#breadcrumb\",\"itemListElement\":[{\"@type\":\"ListItem\",\"position\":1,\"name\":\"Etusivu\",\"item\":\"https:\/\/www.kieliluotsi.fi\/lokikirja\/\"},{\"@type\":\"ListItem\",\"position\":2,\"name\":\"Tilaa Kieliluotsin lokikirja s\u00e4hk\u00f6postiisi\"}]},{\"@type\":\"WebSite\",\"@id\":\"https:\/\/www.kieliluotsi.fi\/lokikirja\/#website\",\"url\":\"https:\/\/www.kieliluotsi.fi\/lokikirja\/\",\"name\":\"Kieliluotsin lokikirja\",\"description\":\"havaintoja kielest\u00e4 ja sen ilmi\u00f6ist\u00e4\",\"potentialAction\":[{\"@type\":\"SearchAction\",\"target\":{\"@type\":\"EntryPoint\",\"urlTemplate\":\"https:\/\/www.kieliluotsi.fi\/lokikirja\/?s={search_term_string}\"},\"query-input\":\"required name=search_term_string\"}],\"inLanguage\":\"fi\"}]}<\/script>\n<!-- \/ Yoast SEO plugin. -->","yoast_head_json":{"title":"Tilaa Kieliluotsin lokikirja s\u00e4hk\u00f6postiisi \u2013 Kieliluotsin lokikirja","description":"Kerro meille s\u00e4hk\u00f6postiosoitteesi alla olevalla lomakkeella, niin saat tiedon uusista Kieliluotsin lokikirjoituksista suoraan s\u00e4hk\u00f6postiisi.","robots":{"index":"index","follow":"follow","max-snippet":"max-snippet:-1","max-image-preview":"max-image-preview:large","max-video-preview":"max-video-preview:-1"},"canonical":"https:\/\/www.kieliluotsi.fi\/lokikirja\/tilaa-kieliluotsin-lokikirja-sahkopostiisi\/","og_locale":"fi_FI","og_type":"article","og_title":"Tilaa Kieliluotsin lokikirja s\u00e4hk\u00f6postiisi \u2013 Kieliluotsin lokikirja","og_description":"Kerro meille s\u00e4hk\u00f6postiosoitteesi alla olevalla lomakkeella, niin saat tiedon uusista Kieliluotsin lokikirjoituksista suoraan s\u00e4hk\u00f6postiisi.","og_url":"https:\/\/www.kieliluotsi.fi\/lokikirja\/tilaa-kieliluotsin-lokikirja-sahkopostiisi\/","og_site_name":"Kieliluotsin lokikirja","article_modified_time":"2018-05-19T17:59:11+00:00","schema":{"@context":"https:\/\/schema.org","@graph":[{"@type":"WebPage","@id":"https:\/\/www.kieliluotsi.fi\/lokikirja\/tilaa-kieliluotsin-lokikirja-sahkopostiisi\/","url":"https:\/\/www.kieliluotsi.fi\/lokikirja\/tilaa-kieliluotsin-lokikirja-sahkopostiisi\/","name":"Tilaa Kieliluotsin lokikirja s\u00e4hk\u00f6postiisi \u2013 Kieliluotsin lokikirja","isPartOf":{"@id":"https:\/\/www.kieliluotsi.fi\/lokikirja\/#website"},"datePublished":"2014-06-28T12:52:25+00:00","dateModified":"2018-05-19T17:59:11+00:00","description":"Kerro meille s\u00e4hk\u00f6postiosoitteesi alla olevalla lomakkeella, niin saat tiedon uusista Kieliluotsin lokikirjoituksista suoraan s\u00e4hk\u00f6postiisi.","breadcrumb":{"@id":"https:\/\/www.kieliluotsi.fi\/lokikirja\/tilaa-kieliluotsin-lokikirja-sahkopostiisi\/#breadcrumb"},"inLanguage":"fi","potentialAction":[{"@type":"ReadAction","target":["https:\/\/www.kieliluotsi.fi\/lokikirja\/tilaa-kieliluotsin-lokikirja-sahkopostiisi\/"]}]},{"@type":"BreadcrumbList","@id":"https:\/\/www.kieliluotsi.fi\/lokikirja\/tilaa-kieliluotsin-lokikirja-sahkopostiisi\/#breadcrumb","itemListElement":[{"@type":"ListItem","position":1,"name":"Etusivu","item":"https:\/\/www.kieliluotsi.fi\/lokikirja\/"},{"@type":"ListItem","position":2,"name":"Tilaa Kieliluotsin lokikirja s\u00e4hk\u00f6postiisi"}]},{"@type":"WebSite","@id":"https:\/\/www.kieliluotsi.fi\/lokikirja\/#website","url":"https:\/\/www.kieliluotsi.fi\/lokikirja\/","name":"Kieliluotsin lokikirja","description":"havaintoja kielest\u00e4 ja sen ilmi\u00f6ist\u00e4","potentialAction":[{"@type":"SearchAction","target":{"@type":"EntryPoint","urlTemplate":"https:\/\/www.kieliluotsi.fi\/lokikirja\/?s={search_term_string}"},"query-input":"required name=search_term_string"}],"inLanguage":"fi"}]}},"_links":{"self":[{"href":"https:\/\/www.kieliluotsi.fi\/lokikirja\/wp-json\/wp\/v2\/pages\/210"}],"collection":[{"href":"https:\/\/www.kieliluotsi.fi\/lokikirja\/wp-json\/wp\/v2\/pages"}],"about":[{"href":"https:\/\/www.kieliluotsi.fi\/lokikirja\/wp-json\/wp\/v2\/types\/page"}],"author":[{"embeddable":true,"href":"https:\/\/www.kieliluotsi.fi\/lokikirja\/wp-json\/wp\/v2\/users\/3"}],"replies":[{"embeddable":true,"href":"https:\/\/www.kieliluotsi.fi\/lokikirja\/wp-json\/wp\/v2\/comments?post=210"}],"version-history":[{"count":13,"href":"https:\/\/www.kieliluotsi.fi\/lokikirja\/wp-json\/wp\/v2\/pages\/210\/revisions"}],"predecessor-version":[{"id":1554,"href":"https:\/\/www.kieliluotsi.fi\/lokikirja\/wp-json\/wp\/v2\/pages\/210\/revisions\/1554"}],"wp:attachment":[{"href":"https:\/\/www.kieliluotsi.fi\/lokikirja\/wp-json\/wp\/v2\/media?parent=210"}],"curies":[{"name":"wp","href":"https:\/\/api.w.org\/{rel}","templated":true}]}}